{"id":7783,"date":"2023-05-24T10:14:27","date_gmt":"2023-05-24T10:14:27","guid":{"rendered":"http:\/\/olimp.ma\/?post_type=product&#038;p=7783"},"modified":"2024-07-11T18:34:18","modified_gmt":"2024-07-11T18:34:18","slug":"bcaa-xplode-500g-pineapple","status":"publish","type":"product","link":"https:\/\/olimp.ma\/index.php\/produit\/bcaa-xplode-500g-pineapple\/","title":{"rendered":"BCAA Xplode 500g pineapple"},"content":{"rendered":"<p><strong>Olimp BCAA Xplode Powder<sup>\u00ae<\/sup><\/strong>\u00a0est un suppl\u00e9ment alimentaire appr\u00e9ci\u00e9 dans les milieux sportifs et par les personnes pratiquant les exercices en amateur de\u00a0<strong>Olimp Sport Nutrition<\/strong>, permettant de compl\u00e9ter efficacement votre alimentation avec trois acides amin\u00e9s exog\u00e8nes essentiels (L-leucine, L-valine, L-isoleucine). La formule de\u00a0<strong>Olimp BCAA Xplode Powder<sup>\u00ae<\/sup><\/strong>\u00a0ne contient pas de sucre, et est, de plus, enrichie avec un autre acide amin\u00e9 pr\u00e9cieux, la L-glutamine. En raison de l\u2019absence mentionn\u00e9e de sucre, la pr\u00e9paration peut \u00eatre utilis\u00e9e avec succ\u00e8s par les pratiquants qui suivent un r\u00e9gime visant \u00e0 perdre du poids, ainsi que par ceux qui cherchent \u00e0 d\u00e9velopper leur masse musculaire maigre.<\/p>\n<p>Pour la fabrication du suppl\u00e9ment alimentaire\u00a0<strong>Olimp BCAA Xplode Powder<sup>\u00ae<\/sup><\/strong><strong>\u00a0<\/strong>les sp\u00e9cialistes de la soci\u00e9t\u00e9 pharmaceutique<strong>\u00a0Olimp Laboratories\u00a0<\/strong>ont utilis\u00e9 des mati\u00e8res premi\u00e8res d&rsquo;excellente qualit\u00e9. De nombreux tests, y compris quant \u00e0 la pr\u00e9sence de m\u00e9taux lourds, r\u00e9alis\u00e9s dans les laboratoires Olimp \u00e0 l&rsquo;aide d&rsquo;une technologie innovante, t\u00e9moignent des normes \u00e9lev\u00e9es de fabrication et constituent une garantie de s\u00e9curit\u00e9 dans l&rsquo;utilisation des suppl\u00e9ments de marque\u00a0<strong>Olimp Sport Nutrition<\/strong>.<\/p>\n","protected":false},"excerpt":{"rendered":"<p>Olimp BCAA Xplode Powder\u00ae\u00a0est un suppl\u00e9ment alimentaire appr\u00e9ci\u00e9 dans les milieux sportifs et par les personnes pratiquant les exercices en amateur de\u00a0Olimp Sport Nutrition, permettant de compl\u00e9ter efficacement votre alimentation avec trois acides amin\u00e9s exog\u00e8nes essentiels (L-leucine, L-valine, L-isoleucine). La formule de\u00a0Olimp BCAA Xplode Powder\u00ae\u00a0ne contient pas de sucre, et est, de plus, enrichie avec [&hellip;]<\/p>\n","protected":false},"featured_media":7714,"comment_status":"open","ping_status":"closed","template":"","meta":{"inline_featured_image":false,"_joinchat":[]},"product_cat":[65,46,67],"product_tag":[],"yoast_head":"<!-- This site is optimized with the Yoast SEO plugin v22.7 - https:\/\/yoast.com\/wordpress\/plugins\/seo\/ -->\r\n<title>BCAA Xplode 500g pineapple - olimp sport maroc<\/title>\r\n<meta name=\"robots\" content=\"index, follow, max-snippet:-1, max-image-preview:large, max-video-preview:-1\" \/>\r\n<link rel=\"canonical\" href=\"https:\/\/olimp.ma\/index.php\/produit\/bcaa-xplode-500g-pineapple\/\" \/>\r\n<meta property=\"og:locale\" content=\"fr_FR\" \/>\r\n<meta property=\"og:type\" content=\"article\" \/>\r\n<meta property=\"og:title\" content=\"BCAA Xplode 500g pineapple - olimp sport maroc\" \/>\r\n<meta property=\"og:description\" content=\"Olimp BCAA Xplode Powder\u00ae\u00a0est un suppl\u00e9ment alimentaire appr\u00e9ci\u00e9 dans les milieux sportifs et par les personnes pratiquant les exercices en amateur de\u00a0Olimp Sport Nutrition, permettant de compl\u00e9ter efficacement votre alimentation avec trois acides amin\u00e9s exog\u00e8nes essentiels (L-leucine, L-valine, L-isoleucine). La formule de\u00a0Olimp BCAA Xplode Powder\u00ae\u00a0ne contient pas de sucre, et est, de plus, enrichie avec [&hellip;]\" \/>\r\n<meta property=\"og:url\" content=\"https:\/\/olimp.ma\/index.php\/produit\/bcaa-xplode-500g-pineapple\/\" \/>\r\n<meta property=\"og:site_name\" content=\"olimp sport maroc\" \/>\r\n<meta property=\"article:modified_time\" content=\"2024-07-11T18:34:18+00:00\" \/>\r\n<meta property=\"og:image\" content=\"https:\/\/olimp.ma\/wp-content\/uploads\/2023\/05\/olimp_bcaa_xplode_sleeve_500g_uk_cola_0014_amazon_0001.jpg\" \/>\r\n\t<meta property=\"og:image:width\" content=\"660\" \/>\r\n\t<meta property=\"og:image:height\" content=\"660\" \/>\r\n\t<meta property=\"og:image:type\" content=\"image\/jpeg\" \/>\r\n<meta name=\"twitter:card\" content=\"summary_large_image\" \/>\r\n<meta name=\"twitter:label1\" content=\"Dur\u00e9e de lecture estim\u00e9e\" \/>\n\t<meta name=\"twitter:data1\" content=\"1 minute\" \/>\r\n<script type=\"application\/ld+json\" class=\"yoast-schema-graph\">{\"@context\":\"https:\/\/schema.org\",\"@graph\":[{\"@type\":\"WebPage\",\"@id\":\"https:\/\/olimp.ma\/index.php\/produit\/bcaa-xplode-500g-pineapple\/\",\"url\":\"https:\/\/olimp.ma\/index.php\/produit\/bcaa-xplode-500g-pineapple\/\",\"name\":\"BCAA Xplode 500g pineapple - olimp sport maroc\",\"isPartOf\":{\"@id\":\"https:\/\/olimp.ma\/#website\"},\"primaryImageOfPage\":{\"@id\":\"https:\/\/olimp.ma\/index.php\/produit\/bcaa-xplode-500g-pineapple\/#primaryimage\"},\"image\":{\"@id\":\"https:\/\/olimp.ma\/index.php\/produit\/bcaa-xplode-500g-pineapple\/#primaryimage\"},\"thumbnailUrl\":\"https:\/\/olimp.ma\/wp-content\/uploads\/2023\/05\/olimp_bcaa_xplode_sleeve_500g_uk_cola_0014_amazon_0001.jpg\",\"datePublished\":\"2023-05-24T10:14:27+00:00\",\"dateModified\":\"2024-07-11T18:34:18+00:00\",\"breadcrumb\":{\"@id\":\"https:\/\/olimp.ma\/index.php\/produit\/bcaa-xplode-500g-pineapple\/#breadcrumb\"},\"inLanguage\":\"fr-FR\",\"potentialAction\":[{\"@type\":\"ReadAction\",\"target\":[\"https:\/\/olimp.ma\/index.php\/produit\/bcaa-xplode-500g-pineapple\/\"]}]},{\"@type\":\"ImageObject\",\"inLanguage\":\"fr-FR\",\"@id\":\"https:\/\/olimp.ma\/index.php\/produit\/bcaa-xplode-500g-pineapple\/#primaryimage\",\"url\":\"https:\/\/olimp.ma\/wp-content\/uploads\/2023\/05\/olimp_bcaa_xplode_sleeve_500g_uk_cola_0014_amazon_0001.jpg\",\"contentUrl\":\"https:\/\/olimp.ma\/wp-content\/uploads\/2023\/05\/olimp_bcaa_xplode_sleeve_500g_uk_cola_0014_amazon_0001.jpg\",\"width\":660,\"height\":660},{\"@type\":\"BreadcrumbList\",\"@id\":\"https:\/\/olimp.ma\/index.php\/produit\/bcaa-xplode-500g-pineapple\/#breadcrumb\",\"itemListElement\":[{\"@type\":\"ListItem\",\"position\":1,\"name\":\"Home\",\"item\":\"https:\/\/olimp.ma\/\"},{\"@type\":\"ListItem\",\"position\":2,\"name\":\"PRODUCTS\",\"item\":\"https:\/\/olimp.ma\/index.php\/products\/\"},{\"@type\":\"ListItem\",\"position\":3,\"name\":\"BCAA Xplode 500g pineapple\"}]},{\"@type\":\"WebSite\",\"@id\":\"https:\/\/olimp.ma\/#website\",\"url\":\"https:\/\/olimp.ma\/\",\"name\":\"olimp sport maroc\",\"description\":\"\",\"publisher\":{\"@id\":\"https:\/\/olimp.ma\/#organization\"},\"potentialAction\":[{\"@type\":\"SearchAction\",\"target\":{\"@type\":\"EntryPoint\",\"urlTemplate\":\"https:\/\/olimp.ma\/?s={search_term_string}\"},\"query-input\":\"required name=search_term_string\"}],\"inLanguage\":\"fr-FR\"},{\"@type\":\"Organization\",\"@id\":\"https:\/\/olimp.ma\/#organization\",\"name\":\"olimp sport maroc\",\"url\":\"https:\/\/olimp.ma\/\",\"logo\":{\"@type\":\"ImageObject\",\"inLanguage\":\"fr-FR\",\"@id\":\"https:\/\/olimp.ma\/#\/schema\/logo\/image\/\",\"url\":\"https:\/\/olimp.ma\/wp-content\/uploads\/2020\/12\/logo-1.svg\",\"contentUrl\":\"https:\/\/olimp.ma\/wp-content\/uploads\/2020\/12\/logo-1.svg\",\"width\":121,\"height\":28,\"caption\":\"olimp sport maroc\"},\"image\":{\"@id\":\"https:\/\/olimp.ma\/#\/schema\/logo\/image\/\"}}]}<\/script>\r\n<!-- \/ Yoast SEO plugin. -->","yoast_head_json":{"title":"BCAA Xplode 500g pineapple - olimp sport maroc","robots":{"index":"index","follow":"follow","max-snippet":"max-snippet:-1","max-image-preview":"max-image-preview:large","max-video-preview":"max-video-preview:-1"},"canonical":"https:\/\/olimp.ma\/index.php\/produit\/bcaa-xplode-500g-pineapple\/","og_locale":"fr_FR","og_type":"article","og_title":"BCAA Xplode 500g pineapple - olimp sport maroc","og_description":"Olimp BCAA Xplode Powder\u00ae\u00a0est un suppl\u00e9ment alimentaire appr\u00e9ci\u00e9 dans les milieux sportifs et par les personnes pratiquant les exercices en amateur de\u00a0Olimp Sport Nutrition, permettant de compl\u00e9ter efficacement votre alimentation avec trois acides amin\u00e9s exog\u00e8nes essentiels (L-leucine, L-valine, L-isoleucine). La formule de\u00a0Olimp BCAA Xplode Powder\u00ae\u00a0ne contient pas de sucre, et est, de plus, enrichie avec [&hellip;]","og_url":"https:\/\/olimp.ma\/index.php\/produit\/bcaa-xplode-500g-pineapple\/","og_site_name":"olimp sport maroc","article_modified_time":"2024-07-11T18:34:18+00:00","og_image":[{"width":660,"height":660,"url":"https:\/\/olimp.ma\/wp-content\/uploads\/2023\/05\/olimp_bcaa_xplode_sleeve_500g_uk_cola_0014_amazon_0001.jpg","type":"image\/jpeg"}],"twitter_card":"summary_large_image","twitter_misc":{"Dur\u00e9e de lecture estim\u00e9e":"1 minute"},"schema":{"@context":"https:\/\/schema.org","@graph":[{"@type":"WebPage","@id":"https:\/\/olimp.ma\/index.php\/produit\/bcaa-xplode-500g-pineapple\/","url":"https:\/\/olimp.ma\/index.php\/produit\/bcaa-xplode-500g-pineapple\/","name":"BCAA Xplode 500g pineapple - olimp sport maroc","isPartOf":{"@id":"https:\/\/olimp.ma\/#website"},"primaryImageOfPage":{"@id":"https:\/\/olimp.ma\/index.php\/produit\/bcaa-xplode-500g-pineapple\/#primaryimage"},"image":{"@id":"https:\/\/olimp.ma\/index.php\/produit\/bcaa-xplode-500g-pineapple\/#primaryimage"},"thumbnailUrl":"https:\/\/olimp.ma\/wp-content\/uploads\/2023\/05\/olimp_bcaa_xplode_sleeve_500g_uk_cola_0014_amazon_0001.jpg","datePublished":"2023-05-24T10:14:27+00:00","dateModified":"2024-07-11T18:34:18+00:00","breadcrumb":{"@id":"https:\/\/olimp.ma\/index.php\/produit\/bcaa-xplode-500g-pineapple\/#breadcrumb"},"inLanguage":"fr-FR","potentialAction":[{"@type":"ReadAction","target":["https:\/\/olimp.ma\/index.php\/produit\/bcaa-xplode-500g-pineapple\/"]}]},{"@type":"ImageObject","inLanguage":"fr-FR","@id":"https:\/\/olimp.ma\/index.php\/produit\/bcaa-xplode-500g-pineapple\/#primaryimage","url":"https:\/\/olimp.ma\/wp-content\/uploads\/2023\/05\/olimp_bcaa_xplode_sleeve_500g_uk_cola_0014_amazon_0001.jpg","contentUrl":"https:\/\/olimp.ma\/wp-content\/uploads\/2023\/05\/olimp_bcaa_xplode_sleeve_500g_uk_cola_0014_amazon_0001.jpg","width":660,"height":660},{"@type":"BreadcrumbList","@id":"https:\/\/olimp.ma\/index.php\/produit\/bcaa-xplode-500g-pineapple\/#breadcrumb","itemListElement":[{"@type":"ListItem","position":1,"name":"Home","item":"https:\/\/olimp.ma\/"},{"@type":"ListItem","position":2,"name":"PRODUCTS","item":"https:\/\/olimp.ma\/index.php\/products\/"},{"@type":"ListItem","position":3,"name":"BCAA Xplode 500g pineapple"}]},{"@type":"WebSite","@id":"https:\/\/olimp.ma\/#website","url":"https:\/\/olimp.ma\/","name":"olimp sport maroc","description":"","publisher":{"@id":"https:\/\/olimp.ma\/#organization"},"potentialAction":[{"@type":"SearchAction","target":{"@type":"EntryPoint","urlTemplate":"https:\/\/olimp.ma\/?s={search_term_string}"},"query-input":"required name=search_term_string"}],"inLanguage":"fr-FR"},{"@type":"Organization","@id":"https:\/\/olimp.ma\/#organization","name":"olimp sport maroc","url":"https:\/\/olimp.ma\/","logo":{"@type":"ImageObject","inLanguage":"fr-FR","@id":"https:\/\/olimp.ma\/#\/schema\/logo\/image\/","url":"https:\/\/olimp.ma\/wp-content\/uploads\/2020\/12\/logo-1.svg","contentUrl":"https:\/\/olimp.ma\/wp-content\/uploads\/2020\/12\/logo-1.svg","width":121,"height":28,"caption":"olimp sport maroc"},"image":{"@id":"https:\/\/olimp.ma\/#\/schema\/logo\/image\/"}}]}},"_links":{"self":[{"href":"https:\/\/olimp.ma\/index.php\/wp-json\/wp\/v2\/product\/7783"}],"collection":[{"href":"https:\/\/olimp.ma\/index.php\/wp-json\/wp\/v2\/product"}],"about":[{"href":"https:\/\/olimp.ma\/index.php\/wp-json\/wp\/v2\/types\/product"}],"replies":[{"embeddable":true,"href":"https:\/\/olimp.ma\/index.php\/wp-json\/wp\/v2\/comments?post=7783"}],"wp:featuredmedia":[{"embeddable":true,"href":"https:\/\/olimp.ma\/index.php\/wp-json\/wp\/v2\/media\/7714"}],"wp:attachment":[{"href":"https:\/\/olimp.ma\/index.php\/wp-json\/wp\/v2\/media?parent=7783"}],"wp:term":[{"taxonomy":"product_cat","embeddable":true,"href":"https:\/\/olimp.ma\/index.php\/wp-json\/wp\/v2\/product_cat?post=7783"},{"taxonomy":"product_tag","embeddable":true,"href":"https:\/\/olimp.ma\/index.php\/wp-json\/wp\/v2\/product_tag?post=7783"}],"curies":[{"name":"wp","href":"https:\/\/api.w.org\/{rel}","templated":true}]}}